 0*d + d - 3 = 0, 4*d + 4 = -4*v. Calculate the remainder when 5 is divided by v.
1
Calculate the remainder when 106 is divided by (-2)/4*0 - -22.
18
Let d(y) = y**3 + 4*y**2 - 4*y - 3. Let n = -1 + 9. What is the remainder when d(-4) is divided by n?
5
Suppose 5*v = -39 + 109. What is the remainder when 55 is divided by v?
13
Let a(u) = -u**3 + 8*u**2 + 11*u - 13. Suppose 5*b = 0, -2*d - 35 = -7*d + 3*b. Let o = d + -4. What is the remainder when a(9) is divided by o?
2
Let y = -50 + 77. Suppose 4*w = -7 + y. Calculate the remainder when 13 is divided by w.
3
Let s be (-51)/18 - 1/6. Let l = s - -1. Calculate the remainder when 25 is divided by (-53)/(-4) - l/(-8).
12
Let s = 154 - 84. Calculate the remainder when s is divided by 18.
16
What is the remainder when 147 is divided by ((-10)/(-3))/((-26)/(-195))?
22
Suppose 5*d + 25 = 0, 2*g - 27 = -2*d + d. What is the remainder when 26 is divided by g?
10
Suppose -24 - 1 = -5*v. What is the remainder when 6 is divided by v?
1
Suppose -3*s = 2*c - 7, 2*c + 4*s - 4 + 2 = 0. Calculate the remainder when c is divided by 4.
3
Let w = -5 + -31. Let m = -13 - w. What is the remainder when 89 is divided by m?
20
Let d = 10 - 7. Let s = 86 - 75. What is the remainder when s is divided by d?
2
Let o be (-57)/(-2)*(-1 + 3). Suppose 444*q - 27 = 443*q. Calculate the remainder when q is divided by 2/(-8) + o/4.
13
Suppose 7*k - 35 = 28. Let x = k - -24. Calculate the remainder when x is divided by 18.
15
Let c(v) = v**3 + 11*v**2 + 24*v + 7. What is the remainder when c(-8) is divided by 3?
1
Let a be 3/(-6)*(4 + 0). What is the remainder when (1 - 11)/a + 2 is divided by 4?
3
Calculate the remainder when 58 is divided by -3 + (-1 - -4) - -21.
16
Let j(t) = t**2 + 8*t + 10. Let c be j(-6). Calculate the remainder when 18 is divided by c/7 - 288/(-28).
8
Let c = -4 + 12. What is the remainder when 13 is divided by c?
5
Suppose -2*l = -10, l + 23 - 3 = -z. Let f = 42 + z. Calculate the remainder when 50 is divided by f.
16
Suppose -5*s = -3*i + 2*i - 91, 0 = -3*s - 2*i + 52. What is the remainder when 51 is divided by s?
15
Let j be (20/(-6))/((-4)/6). Suppose -56 = -2*q + j*y, 5*y + 25 = 3*q - 49. What is the remainder when q is divided by 10?
8
Let s(p) = -2*p - 6. Let l be s(-4). Suppose -t + 17 = 5*v - l, 0 = -4*t + 5*v + 51. What is the remainder when 40 is divided by t?
12
Suppose -k + 54 - 9 = 0. Calculate the remainder when k is divided by 12.
9
Suppose 5*b - 2*h + 1 = -1, -5*b - 4*h = -4. Let j(d) = 4*d**2. Let v be j(1). What is the remainder when 17 is divided by v + 1 + (b - -1)?
5
Suppose 0 = 2*i + 3*c - 63, -2*i = -4*i - c + 57. What is the remainder when (-2)/4*((-16)/4 + -102) is divided by i?
26
What is the remainder when 27 + (3 - 4 - -4) is divided by 11?
8
Let f = -2 - -2. Suppose f = -2*p - 15 + 53. What is the remainder when p is divided by (-2)/(20/25)*-2?
4
Suppose 89 = 3*w + 5. Suppose -8 = -0*j + j. Calculate the remainder when w is divided by (-78)/j - 1/(-4).
8
Suppose -44 = 3*c - u, 3*u = 8*u - 10. Let g = 0 - c. Suppose -4*d + 115 = 5*y, 0 = -4*d - 13 - 7. What is the remainder when y is divided by g?
13
Suppose 0*a = 2*a - 50. Let c = a - 15. Suppose 2*g - c = 0, -5*y - 2*g + 5 + 25 = 0. Calculate the remainder when 7 is divided by y.
3
Suppose 3*d - 2*n - 37 = 0, -4*d - n = 2*n - 21. Let u(a) = a**2 - 7*a - 8. What is the remainder when 19 is divided by u(d)?
9
Suppose -z = -5*d + 23, -1 = -0*z - 3*z + d. Calculate the remainder when 5*2/2 + 3/(-1) is divided by z.
0
Suppose 0 = -a - a - 18. Let g = -2 - a. What is the remainder when 12 is divided by g?
5
Suppose -3*l = -2*l - 5. Suppose 0*h - l = -h. Suppose -h*z + 27 = -18. Calculate the remainder when 25 is divided by z.
7
Let s = 25 + -19. Calculate the remainder when 22 is divided by s.
4
Let h be -2 - -3 - 3 - -10. Suppose r = 4, 5 = i + 2*r - h. Calculate the remainder when i is divided by 2.
1
Let o = -18 - -65. What is the remainder when o is divided by 6?
5
What is the remainder when (-1 + 217/2)*40/50 is divided by 31?
24
Suppose -5 = -4*m + 3. Suppose 4*p - 5*o - 28 = 0, -2*o = -6*o - 16. Calculate the remainder when p is divided by m.
0
Let y(o) = 19*o + 7. Calculate the remainder when 103 is divided by y(1).
25
Suppose -2*z - k + 7 = 0, -2*z + 8 = 2*z + 4*k. Suppose -z*p - h - 1 = -9, 5*p - h - 2 = 0. What is the remainder when 2 is divided by p?
0
Let z(k) = -7*k - 1. Let h(g) = g + 15. Let i be h(-14). Let c be z(i). Let x = 27 + c. Calculate the remainder when 75 is divided by x.
18
Suppose -28 = -0*r - 4*r. Calculate the remainder when (-104)/(-6) + 2/3 is divided by r.
4
Suppose -3*q + 2*b + 4 = 3*b, -2*q - b + 4 = 0. Suppose q = v - 10 - 16. Suppose 4*j - 2*j - 28 = 0. What is the remainder when v is divided by j?
12
Let p(c) = -c**3 - 4*c**2 + 4*c + 5. Suppose -48 = -4*y + 8. Calculate the remainder when p(-6) is divided by y.
11
Suppose 0 = 4*j - 2*m + 208, 0 = -j - 5*m + 10 - 73. Let c(a) = -6*a + 4. Let q be c(-13). Let f = j + q. Calculate the remainder when f is divided by 15.
14
Let w(n) = -7*n - 16. Calculate the remainder when w(-8) is divided by 11.
7
Suppose -539*n = -536*n - 57. Calculate the remainder when 55 is divided by n.
17
Suppose 6*c + 25 = -5*o + c, 2*c + 4 = o. Calculate the remainder when 2 + o + 3 - -1 is divided by 3.
1
Suppose 0 = -r - 3 + 13. Let x = -74 - -52. Let l = 6 - x. What is the remainder when l is divided by r?
8
Let y = 27 - 8. What is the remainder when 35 is divided by y?
16
Suppose 40 = 4*r + r. Suppose 3*a + g = 26, a + g = -2*g + 14. Suppose -n + 6 + a = 0. What is the remainder when n is divided by r?
6
Let d(w) = 2*w + 6. Calculate the remainder when d(8) is divided by 12.
10
Let a = -3 + 7. What is the remainder when (0 - -8) + 9 + -11 is divided by a?
2
Let c be (33/(-6))/((-2)/8). Suppose -5*n + 4*i + 0*i + c = 0, 2*n = -i + 1. Suppose -10 = n*s - 34. Calculate the remainder when 22 is divided by s.
10
Suppose 0 = 22*t - 17*t - 10. Calculate the remainder when 6 is divided by t.
0
Suppose -3*l - 73 = -3*v + 5, 35 = v - 4*l. Calculate the remainder when v is divided by 8.
7
Let r = 47 + -34. Calculate the remainder when r is divided by 32/6 + (-2)/6.
3
What is the remainder when ((-109)/(-2))/(2/4) is divided by 28?
25
Suppose 0 = 4*x - 2*n - 3*n - 3, 2*x - 8 = -4*n. Calculate the remainder when ((-2)/4)/(2/(-12)) is divided by x.
1
Let o = -21 - -15. Let b(s) = s**3 + 5*s**2 - 6*s. Let n be b(o). Let m = n - -28. Calculate the remainder when m is divided by 10.
8
Suppose -3 = -j - 4*w, 5*j - 15 = 2*w - 3*w. Suppose 0 = -j*s + 6 + 66. Let x = 13 - 0. Calculate the remainder when s is divided by x.
11
Let k be (-207)/21 - (-4)/(-28). Let p = 0 - k. Calculate the remainder when 18 is divided by p.
8
Suppose w - 10 = -o, 3*w - 2*o = -2*w + 43. Let b(q) = -7*q + 5. Let g be b(6). Let h = g + 62. What is the remainder when h is divided by w?
7
Suppose 3*m + m - 36 = 0. Let a(v) = v + 30. Suppose -11 = -4*t - 67. What is the remainder when a(t) is divided by m?
7
Suppose -5*w + 79 = -2*p, w - p - 5 - 12 = 0. What is the remainder when w is divided by 6?
3
Suppose 2*g + 4*s + s = -19, 23 = g - 4*s. Suppose j + 4*k - 14 = 3*j, 3*j + 3*k + g = 0. Calculate the remainder when 40 is divided by (-21)/(3/(9/j)).
19
Suppose 2*t + 78 = 5*w, 3*w + 14 = 4*w - 2*t. Suppose 5*i - 2 = 3. What is the remainder when ((-2)/(-2))/(i/31) is divided by w?
15
What is the remainder when ((-4)/10)/(2/(-230)) is divided by 10?
6
Suppose -7*j = -3*u - 3*j + 40, -68 = -4*u - 2*j. Calculate the remainder when 46 is divided by u.
14
Suppose -2*u + 51 = g, -4*u = -3*g - u + 162. What is the remainder when g is divided by 9?
8
What is the remainder when (3 + (3 - 5))*73 is divided by 26?
21
Suppose -2*g - 5*h = -11 - 13, 5*h = -4*g + 68. What is the remainder when 64 is divided by g?
20
Let b(r) = r**2 + 13*r + 2. Let u be b(-10). Let t = -18 - u. What is the remainder when t is divided by 6?
4
Let w = 8 + -4. Let k(c) = 15*c - 3. Let a be k(w). Suppose -x - 15 = -4*x, 3*x - a = -2*p. What is the remainder when p is divided by 11?
10
Suppose 14*v + 475 = 2757. Calculate the remainder when v is divided by 56.
51
Let n(f) = f**3 - 5*f**2 + 4*f + 5. Let x be -1 - (-2)/(-2) - 5. Let c = 6 - x. Wh